{"id":83,"date":"2026-01-05T03:54:53","date_gmt":"2026-01-05T00:54:53","guid":{"rendered":"https:\/\/dnrtekstil.com.tr\/trendschmuckhaus\/?post_type=product&#038;p=83"},"modified":"2026-01-05T03:54:53","modified_gmt":"2026-01-05T00:54:53","slug":"029-karat-diamant-saphir-armband","status":"publish","type":"product","link":"https:\/\/trendschmuckhaus.com\/index.php\/product\/029-karat-diamant-saphir-armband\/","title":{"rendered":"0,29 Karat Diamant-Saphir-Armband"},"content":{"rendered":"<p><b>Zarafetin, d\u00fcr\u00fcstl\u00fc\u011f\u00fcn, sadakatin ta\u015f\u0131&#8230;<\/b><br \/>\n\u201cEfsanelerin ta\u015f\u0131\u201c olarak da biliniyor. \u00c7ok eski zamanlardan beri ciddiyetin, ba\u011fl\u0131l\u0131\u011f\u0131n ve sadakatin simgesi olarak g\u00f6r\u00fcld\u00fc. Bu nedenle, ba\u011flanman\u0131n, g\u00fcvenin ve d\u00fcr\u00fcstl\u00fc\u011f\u00fcn g\u00f6stergesi olarak \u00e7o\u011fu zaman ni\u015fan y\u00fcz\u00fcklerinde safir kullan\u0131ld\u0131. \u00d6rne\u011fin Prenses Diana\u2019n\u0131n ni\u015fan y\u00fcz\u00fc\u011f\u00fc, etraf\u0131 14 p\u0131rlantaile \u00e7evrili 18 karatl\u0131k safir bir y\u00fcz\u00fckt\u00fc. \u0130nan\u0131\u015fa g\u00f6re do\u011fuda safir t\u0131ls\u0131ml\u0131 bir ta\u015f olarak tan\u0131n\u0131yor ve bug\u00fcn bile ta\u015f\u0131yana bereket getirdi\u011fine inan\u0131l\u0131yor, onu k\u00f6t\u00fcl\u00fcklerden korudu\u011fu d\u00fc\u015f\u00fcn\u00fcl\u00fcyor. Safir ismi Yunancada \u201cg\u00fczel \u015fey\u201c anlam\u0131na geliyor. Antik M\u0131s\u0131r\u2019da safir, ger\u00e7e\u011fin simgesi olmu\u015f. Hindistan\u2019da ise mihracelerin zenginliklerinin ve g\u00fc\u00e7lerinin bir i\u015fareti olarak kullan\u0131lm\u0131\u015f.<\/p>\n","protected":false},"excerpt":{"rendered":"<p>Zarafetin, d\u00fcr\u00fcstl\u00fc\u011f\u00fcn, sadakatin ta\u015f\u0131&#8230; \u201cEfsanelerin ta\u015f\u0131\u201c olarak da biliniyor. \u00c7ok eski zamanlardan beri ciddiyetin, ba\u011fl\u0131l\u0131\u011f\u0131n ve sadakatin simgesi olarak g\u00f6r\u00fcld\u00fc. Bu nedenle, ba\u011flanman\u0131n, g\u00fcvenin ve d\u00fcr\u00fcstl\u00fc\u011f\u00fcn g\u00f6stergesi olarak \u00e7o\u011fu zaman ni\u015fan y\u00fcz\u00fcklerinde safir kullan\u0131ld\u0131. \u00d6rne\u011fin Prenses Diana\u2019n\u0131n ni\u015fan y\u00fcz\u00fc\u011f\u00fc, etraf\u0131 14 p\u0131rlantaile \u00e7evrili 18 karatl\u0131k safir bir y\u00fcz\u00fckt\u00fc. \u0130nan\u0131\u015fa g\u00f6re do\u011fuda safir t\u0131ls\u0131ml\u0131 bir ta\u015f [&#8230;]\n","protected":false},"featured_media":84,"comment_status":"open","ping_status":"closed","template":"","meta":[],"product_brand":[],"product_cat":[19],"product_tag":[],"class_list":{"0":"post-83","1":"product","2":"type-product","3":"status-publish","4":"has-post-thumbnail","6":"product_cat-diamantarmbander","8":"first","9":"instock","10":"shipping-taxable","11":"purchasable","12":"product-type-simple"},"_links":{"self":[{"href":"https:\/\/trendschmuckhaus.com\/index.php\/wp-json\/wp\/v2\/product\/83","targetHints":{"allow":["GET"]}}],"collection":[{"href":"https:\/\/trendschmuckhaus.com\/index.php\/wp-json\/wp\/v2\/product"}],"about":[{"href":"https:\/\/trendschmuckhaus.com\/index.php\/wp-json\/wp\/v2\/types\/product"}],"replies":[{"embeddable":true,"href":"https:\/\/trendschmuckhaus.com\/index.php\/wp-json\/wp\/v2\/comments?post=83"}],"wp:featuredmedia":[{"embeddable":true,"href":"https:\/\/trendschmuckhaus.com\/index.php\/wp-json\/wp\/v2\/media\/84"}],"wp:attachment":[{"href":"https:\/\/trendschmuckhaus.com\/index.php\/wp-json\/wp\/v2\/media?parent=83"}],"wp:term":[{"taxonomy":"product_brand","embeddable":true,"href":"https:\/\/trendschmuckhaus.com\/index.php\/wp-json\/wp\/v2\/product_brand?post=83"},{"taxonomy":"product_cat","embeddable":true,"href":"https:\/\/trendschmuckhaus.com\/index.php\/wp-json\/wp\/v2\/product_cat?post=83"},{"taxonomy":"product_tag","embeddable":true,"href":"https:\/\/trendschmuckhaus.com\/index.php\/wp-json\/wp\/v2\/product_tag?post=83"}],"curies":[{"name":"wp","href":"https:\/\/api.w.org\/{rel}","templated":true}]}}